). Let j be x(p). Let b(a) = 10*a - 1. What is b(j)?
9
Suppose -4*s + p - 15 = 0, -27 = -2*s + 6*s - 5*p. Let r(m) = 11*m**2 - 3*m - 4. Let d(a) = -4*a**2 + a + 1. Let x(v) = 8*d(v) + 3*r(v). What is x(s)?
8
Let s(q) = q + 3. Let l(g) = -4*g - 9. Let m(a) = 2*l(a) + 7*s(a). Let t be (6/5)/(4/(-10)). Give m(t).
6
Let g(h) = -h**2 + 3*h + 8. Let v(o) = -2*o - 1. Let j be v(-3). Suppose -4*m = -j*m + 6. Calculate g(m).
-10
Let n(k) = -3*k + 3*k + 2*k + k. Determine n(3).
9
Let o(u) be the third derivative of 1/6*u**3 + 1/12*u**4 + 0 + 0*u - 3*u**2. Suppose 2*g - 4*q = 7*g, -2 = 2*g + 2*q. Determine o(g).
9
Suppose -3 = -3*n + 2*n. Suppose n = r - 0*r. Let v(x) = -25*x - 4 + 22*x + r. Calculate v(-3).
8
Let i = -1 + 4. Let a(o) = -o + 3*o - 4*o**2 + o + o**3. What is a(i)?
0
Let u(n) = -7*n + 3. Let y(q) = 3*q - 1. Let c(i) = 2*u(i) + 5*y(i). Calculate c(5).
6
Let b be 9/2*(-10)/(-15). Suppose 0 = 2*j + b - 1. Let f(i) = -7*i + 1. What is f(j)?
8
Let v(r) = -8*r**3 + r**2 + r + 1. Let m be 1*-1*(0 - -1). Determine v(m).
9
Let y(w) = 3*w**2 + 1. Suppose -t + 9 = -0*t. Suppose 4*s + 5*a = -t - 12, 0 = s + 4*a + 19. Let u be 0 + 1 + (-2)/s. What is y(u)?
4
Let p(z) be the second derivative of z**4/8 - z**3 + z**2/2 - z. Let y(m) be the first derivative of p(m). Give y(4).
6
Suppose -4*p - 2*s = -14, -p - p - 2*s = -8. Let q(v) = p*v + 6*v**3 + 3*v**2 - 5*v**3 - 2 - 8*v**2. What is q(5)?
13
Let l(p) = -2*p**2 + 2. Let i be l(2). Let k(r) be the first derivative of -r**4/4 - 2*r**3 - 4*r - 12. Determine k(i).
-4
Suppose -2*j = -7*j + 10. Suppose 0 = -j*c + n - 1 - 4, -17 = 2*c - 5*n. Let l(a) = 7*a**2 - 2*a - 1. Give l(c).
8
Let l(q) = q - 1. Let c(y) = -3*y**3 - y**2. Let m be c(1). Let j(z) = -z**2 + z - 1. Let h be j(2). Let b = h - m. Give l(b).
0
Let c be 25/10*(-18)/(-15). Let d(l) = 4*l + c - 2*l + 6 - 10. What is d(4)?
7
Let n(v) = -7*v**2 - v + 3. Let w(y) = -3*y**2 - y + 1. Let g(f) = 2*n(f) - 5*w(f). What is g(-2)?
-1
Let y(b) = -9*b**2 - 9. Let v(z) = -5*z**2 - 5. Let c(g) = 7*v(g) - 4*y(g). Let r be c(-2). Let t(o) = -3*o + 6. Give t(r).
-9
Let s(l) = 7 - 4 - 2*l + 0. Suppose 4*t = t + 36. Let g be (-2)/(-8) - (-57)/t. What is s(g)?
-7
Let q(j) = -j**2 + j - 5. Let t(d) = -d**2 - 4. Let b(g) = 4*q(g) - 5*t(g). Suppose -s + 0*s - 5 = 0. Give b(s).
5
Let t(r) = r**2 + 5*r + 2. Let a be 3 + (-2)/((-2)/(-9)). Calculate t(a).
8
Let h(x) = x**2 - x - 1. Let f(i) = 3*i**2 - 7*i - 6. Let z(d) = f(d) - 2*h(d). Determine z(5).
-4
Suppose -4*z + 4 = b, -4*z = -4*b - b + 20. Let g(h) = -h**2 + 4. What is g(b)?
-12
Suppose 2*b + 0*b + 5 = o, -b = 2*o - 10. Let t(q) be the third derivative of 1/3*q**3 - 2*q**2 + 1/12*q**4 + b*q + 0. What is t(-2)?
-2
Suppose 3*i + 2*f = 7, -3*i + 4*f + 31 = -0*f. Let k(v) = v**2 - 8*v + 6. What is k(i)?
-9
Let u(n) = 3*n - 1. Let t = -1 + 3. Let h be ((-3)/t - -1)*2. Determine u(h).
-4
Let g(n) = 2*n - 3. Let l(c) = -10*c + 15. Let m(y) = 11*g(y) + 2*l(y). Determine m(-5).
-13
Let l(s) = -s - 5. Let k(m) = m + 6. Let p(z) = -3*k(z) - 4*l(z). Calculate p(-5).
-3
Let y be ((72/(-4))/(-3))/2. Let d(n) = -n - y - 5*n**3 - 2 + 4 + n**2. What is d(-1)?
6
Let q(u) be the first derivative of -3*u**2/2 - 9*u - 7. What is q(-6)?
9
Let y(q) = 2 + 2*q + 0*q + 3. Suppose -4*o + 16 = 0, -3*a - 3*o - 5 = -5*o. Suppose -3*g - 13 = -a. Give y(g).
-3
Let f(x) = -8*x**2 - 2*x. Let n(r) = -r. Let q(p) = -f(p) + 3*n(p). Determine q(-1).
9
Let w(m) be the second derivative of 4*m**3/3 + m**2/2 + m. Let k(q) = -q**2 + 6*q - 5. Let l be k(4). Let c = l + -4. What is w(c)?
-7
Let c(m) be the second derivative of -m**8/6720 + m**7/420 + m**6/240 - 3*m**5/40 - m**4/2 - 5*m. Let f(u) be the third derivative of c(u). Give f(6).
9
Let h(p) = -p**2 - 11*p - 15. Let q be h(-10). Let r(m) be the first derivative of m**4/4 + 2*m**3 + 3*m**2 + 4*m + 2. Give r(q).
-1
Suppose 4*o - 3*k = 2*k, 3*o = -3*k. Suppose 0*y + 3*y = 3*a + 18, 4*a = -8. Let q(z) = y + z - 3 + 1. Determine q(o).
2
Let y(b) = -b**3 - 7*b**2 - 6*b + 2. Let d be y(-6). Let o(f) = d*f + 0*f - f. What is o(2)?
2
Let o(d) = d + 4. Let m(w) = w**3 - 3*w**2 - 4*w + 5. Let l be m(4). Suppose l - 1 = 2*b. Suppose 6 = -g + 2*j, 3*g = -2*g - b*j - 18. Determine o(g).
0
Let q be ((-1)/(-2))/((-2)/28). Let u(i) = i**2 + 10*i - 7. What is u(q)?
-28
Let i(y) = 2*y + 1. Suppose -9 = -2*n - 27. Let f be (-54)/(-8) - n/(-12). Let c(x) = 2*x + 1. Let z(b) = f*i(b) - 7*c(b). Give z(1).
-3
Let t(o) = -o - 5. Suppose -16 = -2*g + 6. Suppose -2*y + y = 2*u - g, 4*y - 26 = -5*u. What is t(u)?
-11
Let q(j) = j**2 + 4*j - 8. Suppose -5*d - 43 = 5*w - 8, 4*w - 26 = 5*d. What is q(d)?
4
Let m(c) = c**2 - 7*c + 7. Let v be m(6). Let a(r) = 3*r**2 + 2*r - 1. Calculate a(v).
4
Let u(z) be the second derivative of 0 - 3/2*z**2 + 7/6*z**3 - 10*z - 1/12*z**4. Calculate u(6).
3
Let n = 10 - 5. Let d(g) = -4*g + 6. Let r(s) = -s - 3*s - 2*s + 7*s. Let b(o) = -d(o) - 3*r(o). Give b(n).
-1
Let h(k) = 2*k + 1. Let b be (-1)/(2/(-9 - -1)). Let i(v) = v**2 - 2*v - 3. Let c be i(b). What is h(c)?
11
Suppose -3*m + 2 = -16. Let u(y) = -5*y**2 + 14*y + 16. Let x(l) = -l**2 + 3*l + 3. Let n(q) = -2*u(q) + 11*x(q). Calculate n(m).
-5
Let a be (1 + -2)*-1*3. Let u(k) be the second derivative of k**4/12 - k**3/2 - k**2/2 + k. What is u(a)?
-1
Let p(t) = -t**3 - 2*t**2 + 2*t + 1. Let l = -4 + 1. What is p(l)?
4
Suppose -m - 5 + 1 = 0. Let q(x) = -x**2 - 4*x - 2. Determine q(m).
-2
Suppose 0 = 2*v - 3*z - 20, -3*z - 3 = 9. Let n(o) = v*o - o + 0*o. Let k(m) = -5*m - 3. Let y be k(-1). What is n(y)?
6
Let h(f) be the second derivative of f**3/3 - 6*f**2 - 5*f + 3. What is h(10)?
8
Let d be 2/(-4) + (-17)/2. Suppose 2*q = -2 + 8. Let p = q + d. Let n(k) = -k**2 - 5*k + 6. What is n(p)?
0
Let d(i) = -i - 2. Let q be 1 - -2 - 1/(3/27). Calculate d(q).
4
Let x(h) be the third derivative of h**5/60 - h**4/4 - h**3/6 + 3*h**2. Let g be x(7). Let a(y) = -y + 5. What is a(g)?
-1
Let f(h) = h**2 + 2*h - 1. Let o be (-3 + 4 - 3) + 2. Suppose -5*d = 10 - o. Give f(d).
-1
Let a(w) be the second derivative of w**5/20 - 5*w**4/12 + 2*w**2 + 2*w. Give a(4).
-12
Let w(k) = -k**2 - 3*k + 5. Suppose -5 + 1 = -2*n. Let g be 14/4 - (-1)/n. Suppose -2*a + 3*a = -g. Determine w(a).
1
Let i(f) = 4*f - 10. Let n(l) = l - 3. Let z(v) = -2*i(v) + 7*n(v). Suppose 2*m + 0 = 10. Suppose -2*k + k - o = 3, k - m*o = 3. What is z(k)?
1
Let u be (-13)/6 - (-7)/42. Let c(i) = 3*i - 1. What is c(u)?
-7
Let m = 2 + -5. Let q(p) = 6*p + 4. Let s(n) = 8*n + 5. Let y(u) = -6*q(u) + 5*s(u). Give y(m).
-11
Suppose 4*k - 105 = 3*b, 0*k - 4*b = 5*k - 170. Let f(p) = 0 + 0 + k*p - 28*p. Give f(-1).
-2
Let u(i) be the second derivative of -i**3/3 + i**2/2 + 2*i. Suppose 12 = -4*x, -2*z = 2*z - 4*x - 16. Give u(z).
-1
Let u(z) = 2*z - 6. Let d(p) = 6*p + 4. Let h be d(2). Suppose 17*y - h*y = 5. What is u(y)?
4
Let q be ((-1)/(-2) + -1)*-2. Suppose 3*u = -4 + q. Let g(c) = -15*c - 1. What is g(u)?
14
Let q = -6 - -7. Let z(l) = l**3 + 9*l**2 - 10*l + 1. Let a be z(-10). Let d(b) = -4*b**2 - b**2 + a + 3*b**2 - 2*b**3. Give d(q).
-3
Let o(i) = -12*i - 4 - 11 + 0*i**2 - i**2. Suppose 2*a + 10 = -10. Let p be o(a). Let j(c) = -c**2 + 5*c - 1. Give j(p).
-1
Let n(x) = x**3 + 7*x**2 + 8*x + 9. Let l be (63/(-28))/(3/8). What is n(l)?
-3
Let j(k) = k**2 + 2*k + 2. Let g be (1/(-2))/((-1)/(-4)). Let y be j(g). Let h(o) = y + o - 4*o - o. Give h(2).
-6
Let s(d) be the first derivative of d**3/3 + 7*d**2/2 - 2*d - 31. Let x = 6 + -11. Determine s(x).
-12
Let q(z) = z**2 + z - 4. Suppose 4*y - 16 = f, -3*y + 5*y - 18 = 3*f. Give q(y).
8
Suppose -2*a + 2 = 4*v - 0, 4 = -4*v - 4*a. Let w(j) = -3*j + v*j + 1 + j + 3*j. Let o(k) = -k**3 + 10*k**2 - 8*k - 10. Let d be o(9). What is w(d)?
-2
Let y = -5 + 9. Let u(q) = -3*q + 12. Let h(s) = 6*s + s - 8 - 5*s. Let b(g) = -7*h(g) - 5*u(g). Determine b(y).
0
Let q(v) be the third derivative of v**6/120 + v**4/24 + v**3/6 - 7*v**2. Determine q(0).
1
Let m(d) = d**2 + d. Let y(s) = -5*s**2 - 5*s. Let z(w) = 6*m(w) + y(w). Determine z(-1).
0
Let k(r) be the third derivative of r**5/60 + 7*r**4/24 - 12*r**2. What is k(-7)?
0
Let a(d) = 2*d + 2. Let q(b) = b + 1. Let j = -3 - -6. Let f be q(j). Suppose -6 = f*o + 14. Determine a(o).
-8
Let o(b) = 2*